 15*y + 7. Let d = 9 - 0. Calculate the remainder when s(-10) is divided by d.
8
Let t(x) = 2*x**2 + 4*x + 1. What is the remainder when t(-5) is divided by 11?
9
Let c be (-5)/((-15)/429) - 3. Let g = c - 74. Calculate the remainder when g is divided by 17.
15
Let v be -27*(1/(-3) - 0). Let g = v - -4. What is the remainder when g is divided by 7?
6
Calculate the remainder when 9 is divided by 4 + 4/4*1.
4
Let l(k) = k**3 + 8*k**2 + 8*k + 7. Let i = 9 + -16. Let t be l(i). Suppose t = -3*z - z + 44. Calculate the remainder when z is divided by 4.
3
Let i(q) = q - 7. Let x be i(7). Suppose x = -w - 3*w + 72. Calculate the remainder when w is divided by 3 - (1 + (-4 - -1)).
3
Let k(i) = -i**3 + 3*i**2 + 5*i - 5. Let l be k(4). What is the remainder when 5 is divided by 5 + -5 - (-4 - l)?
2
Let f be (16 + 2)*6/9. Suppose 3*m + 3 = -3*s, 0*s - 6 = s + 2*m. What is the remainder when (-8)/f + 64/6 is divided by s?
2
Suppose 4*c + 6 = -2. Suppose 3*t = -2*z + 51, -4*z = t - 5*z - 12. What is the remainder when t - (c - -4) - -1 is divided by 5?
4
Suppose 2*y + 2*y = 228. What is the remainder when y is divided by 29?
28
What is the remainder when 49 is divided by 3841/299 + (-2)/(-13)?
10
Suppose z - 6 - 15 = -3*a, -4*z - 1 = -5*a. Calculate the remainder when 15 is divided by z.
3
Suppose 4*v + 4*j - 56 = 0, 4*j - 93 + 19 = -5*v. Calculate the remainder when v - 4/(-2 - -4) is divided by 9.
7
Let q = -4 + 10. Suppose p = -5*i + 264, -2*i + 57 = -i - 4*p. Suppose 5*c + 3*j = i, 4*c - 6*j = -j + 35. Calculate the remainder when c is divided by q.
4
Let d(a) = 0 - 3 + 0*a - 4*a. What is the remainder when (72/(-30))/(3/(-40)) is divided by d(-5)?
15
What is the remainder when (4/(-6))/(6/(-1107)) is divided by 31?
30
Let y = 64 - 41. Calculate the remainder when 1*6*(-44)/(-6) is divided by y.
21
Suppose 2*x - 5*l = 59, -x - 31 = -2*x + l. Suppose 0 = 2*c - 0 - x. Let b = c - 2. What is the remainder when 54 is divided by b?
12
Let i(s) = -s**2 - 11*s - 4. Let k be (-4)/14 + (-23)/(-7). Suppose 2*c + 4*x = -14, -14 = -c + 3*c - k*x. Calculate the remainder when i(c) is divided by 13.
11
Suppose -5*k - 3*z = -k - 78, -2*z - 68 = -4*k. What is the remainder when 28 is divided by k?
10
Let f = 106 + -97. What is the remainder when 17 is divided by f?
8
Let t = 21 + -12. What is the remainder when -8*(-4 - (2 - 4)) is divided by t?
7
Let m(y) = 2*y**3 - 3*y**2 - 3*y - 4. What is the remainder when m(4) is divided by 11?
9
What is the remainder when 13 + (-3 - (-6 + 2)) is divided by 5?
4
Let o(v) = -v**3 + 2*v**2 + 3*v + 3. Let f be o(3). Suppose -h - f*h = -84. Calculate the remainder when h is divided by 12.
9
Calculate the remainder when 52 is divided by 9/(9/2 - 4).
16
Let p(d) = d**2 - 11*d + 6. Calculate the remainder when 48 is divided by p(12).
12
Suppose -2*a + 61 = y + 2*y, 3*a - 72 = 2*y. What is the remainder when 102 is divided by a?
24
Let g = -3 - -5. Let p = g - -1. Suppose -3*q = p*j - 51, -49 = -2*q - q - 4*j. Calculate the remainder when 56 is divided by q.
18
Let h = 15 + -13. Let o be 4/(-18) + 22/18. Let d = 0 + o. What is the remainder when h is divided by d?
0
Suppose -4*v = -7*v + 30. What is the remainder when 25 is divided by v?
5
Calculate the remainder when 62 is divided by (3*2)/(18/192*2).
30
Let w(m) = m**3 - 13*m**2 + 15*m + 3. Calculate the remainder when w(12) is divided by 21.
18
Let v(u) = -5*u - 4. Suppose 0 = 4*h - 16, 4*h = 5*k + 5*h + 16. Calculate the remainder when v(k) is divided by 6.
4
Suppose -5*i + 5 = -5. Suppose 0 = i*w - 0*w - 82. Calculate the remainder when w is divided by 11.
8
Let s = -3 + 6. Calculate the remainder when 13 + (-2)/(1 + 0) is divided by s.
2
Suppose -l = 4*l + w - 168, 0 = -4*w - 8. Calculate the remainder when 66 is divided by l.
32
Suppose 0 = -0*q - 2*q + 6. Suppose -7 - 3 = y. Calculate the remainder when 28 is divided by (-2 - -4) + (q - y).
13
Suppose 5*v = 3*t - 14, -2*t + 2*v = -0*v - 8. Suppose -j = t*b - 134, -2*b - j + 111 = 4*j. What is the remainder when b is divided by 15?
13
Let y(q) = -6*q + 5. Let z(n) = n + 6. Let i be z(0). Suppose -m - 50 = -i*m. What is the remainder when y(-4) is divided by m?
9
Suppose -2*o + 0 = -6. Calculate the remainder when (7/(-3))/((-3)/9) is divided by o.
1
Let q(l) = 4*l**2 + 5*l + 10. Calculate the remainder when q(-5) is divided by 18.
13
Suppose 7*t - 3*t = -48. What is the remainder when 23 is divided by t/(-1) + (-3)/(-3)?
10
Let z = 5 - 3. Let v(w) = 2*w**2 - 3*w. Calculate the remainder when v(5) is divided by -1 + z/(-2) + 14.
11
Let y(s) be the second derivative of s**4/12 + 5*s**3/6 + 5*s**2 + 5*s. What is the remainder when y(-8) is divided by 18/4*16/6?
10
Suppose -l = -2*l + 2. Suppose -2*t + 5*h - 1 = 0, -5*t = -l*t + 5*h - 36. What is the remainder when 27 is divided by t?
6
Suppose 3*f - 9 = 3, 5*f + 140 = 5*z. Suppose 3*u = r - 26, -5*r - 2*u - 3*u + 70 = 0. Calculate the remainder when z is divided by r.
15
Let d(k) = k**3 + 8*k**2 + 3*k - 4. Suppose -26 = -2*j - 2*y, -2*j + 3*y + 26 = -0*j. What is the remainder when d(-6) is divided by j?
11
Let o(h) = 10*h**3 + h**2 - 1. Calculate the remainder when 38 is divided by o(1).
8
Let c(l) = l**2 - 2*l + 6. Suppose -5 = 2*b - 9. Let q(w) = w**3 + w**2 + 2*w - 2. What is the remainder when c(-5) is divided by q(b)?
13
Suppose -79 - 185 = -12*i. What is the remainder when i is divided by (4 + 0/2)*2?
6
Suppose 4*f = 2*i + 100, 4*i = 4*f - 5*f + 7. What is the remainder when f is divided by 12?
11
Let q = 25 + -5. Suppose 2*y = -0*y + q. Let n(u) = 9*u + 1. What is the remainder when n(2) is divided by y?
9
Let l(s) = -s - 9. Let d be l(-7). Let z = d - -6. What is the remainder when (-51)/(-9) + 1/3 is divided by z?
2
Suppose 126 + 154 = 5*s. Let g be (-2 - 10/(-4))*s. Suppose -4*w - g = -6*w. What is the remainder when w is divided by 8?
6
Let m = 7 + 13. Suppose -2*n = 2*n + 2*x - m, n - 7 = -x. Calculate the remainder when 4 is divided by n.
1
Let h = 8 - 3. Let n = h + 1. Calculate the remainder when 22 is divided by n.
4
Let p(h) = -2 - 6 - 1 + 2*h. Let c be p(6). Suppose 94 = 4*l + c*o, -l + 16 = -2*o - 2. What is the remainder when l is divided by 8?
6
Suppose -n = -6*n + 45. What is the remainder when n is divided by 3?
0
Let t = 46 + 0. Suppose -4 = 4*o, 5*s - 3*o - 83 = -0*s. What is the remainder when t is divided by s?
14
Let y be (-3)/(9/(-15)) + -2. Let m(w) = 9*w**3 - 3*w**2 - 1. Let o be m(y). Suppose -3*l - 2*l + o = 0. Calculate the remainder when l is divided by 15.
13
Let g(r) = r**3 + 6*r**2 - 9*r. Let s be g(-7). Suppose -4*x + s + 34 = 0. Let k(l) = -l**2 - 7*l + 7. Calculate the remainder when x is divided by k(-7).
5
Let a = 15 + 2. Suppose 4*g + 155 = 3*d, -3*d - 3*g + 20 = -121. What is the remainder when d is divided by a?
15
What is the remainder when 32 + 4*(-3)/(-6) is divided by 1/((-2)/(-2)) + 11?
10
Suppose -5*g = -4*g. Suppose 0 = -x - g + 5. Let j = 17 - 3. What is the remainder when j is divided by x?
4
Let g(q) = 2*q**2 + 2. Let m(o) = 14*o - 1. Calculate the remainder when m(2) is divided by g(2).
7
Let q = 103 + -87. What is the remainder when 73 is divided by q?
9
Let w(v) = v**2 + 9*v + 16. What is the remainder when 49 is divided by w(-10)?
23
Let w(v) = -v**3 - 7*v - 10. Suppose 0 = -4*h + 229 + 51. Calculate the remainder when h is divided by w(-2).
10
Suppose 3*f - 2*j + 25 - 303 = 0, 4*j + 180 = 2*f. Calculate the remainder when f is divided by 24.
22
Let x(u) = -10*u - 6. Suppose 4*p = 2*p + 28. Suppose -22 - p = -3*w. Calculate the remainder when x(-4) is divided by w.
10
Let h = 5 + -4. Let c = 7 + h. Calculate the remainder when 22 is divided by c.
6
Suppose -5*d + 5 = -0*f + f, 5*f - 5*d = 115. Suppose f + 13 = 3*y. Calculate the remainder when 21 is divided by y.
10
Let z(a) = 5*a**2 - 2*a - 3. Let n be z(3). Suppose -4*j = -6*j + n. Calculate the remainder when 627/18 - 1/(-6) is divided by j.
17
Suppose -2*s = -3*s - 5*r + 36, 40 = s + r. Let g(c) = c**2 + c - 31. What is the remainder when s is divided by g(-7)?
8
Let v(h) = -h**2 + 5*h + 7. Let s be v(6). Suppose 0 = 4*x - 57 + s. Suppose 4*o - 142 + 34 = 0. What is the remainder when o is divided by x?
13
Suppose 5*u - 70 = -5*j, -7*u + 2*u = -j - 64. Calculate t